{"id":137,"date":"2025-09-13T00:55:59","date_gmt":"2025-09-13T00:55:59","guid":{"rendered":"https:\/\/www.macromec.com.pe\/?page_id=137"},"modified":"2025-09-23T22:25:42","modified_gmt":"2025-09-23T22:25:42","slug":"home","status":"publish","type":"page","link":"https:\/\/www.macromec.com.pe\/","title":{"rendered":"SOLUCIONES A SU MEDIDA EN PLANTAS DE CONCRETO"},"content":{"rendered":"\n<hr class=\"wp-block-separator has-alpha-channel-opacity\"\/>\n\n\n\n<figure class=\"wp-block-image size-full wp-duotone-000000-ffa96b-1\"><img loading=\"lazy\" decoding=\"async\" width=\"1024\" height=\"768\" src=\"https:\/\/www.macromec.com.pe\/wp-content\/uploads\/2025\/09\/renea-fabrica-pre-moldados-suzano-3-5.jpg\" alt=\"\" class=\"wp-image-229\" srcset=\"https:\/\/www.macromec.com.pe\/wp-content\/uploads\/2025\/09\/renea-fabrica-pre-moldados-suzano-3-5.jpg 1024w, https:\/\/www.macromec.com.pe\/wp-content\/uploads\/2025\/09\/renea-fabrica-pre-moldados-suzano-3-5-300x225.jpg 300w, https:\/\/www.macromec.com.pe\/wp-content\/uploads\/2025\/09\/renea-fabrica-pre-moldados-suzano-3-5-768x576.jpg 768w\" sizes=\"auto, (max-width: 1024px) 100vw, 1024px\" \/><\/figure>\n\n\n\n<h5 class=\"wp-block-heading\">En el mundo de la construcci\u00f3n, cada minuto cuenta. En Macromec, entendemos que el tiempo es tu activo m\u00e1s valioso, por eso nos especializamos en ofrecer soluciones integrales y a la medida. Desde la venta de maquinaria y repuestos de alta calidad hasta mantenimientos preventivos y automatizaci\u00f3n avanzada, nuestro objetivo es garantizar que tu operaci\u00f3n trabaje sin interrupciones. Conf\u00eda en la experiencia y rapidez de nuestro servicio para asegurar la m\u00e1xima eficiencia y rentabilidad de tu negocio.<\/h5>\n\n\n\n<p><a href=\"https:\/\/www.macromec.com.pe\/?page_id=119\" data-type=\"page\" data-id=\"119\"> Cont\u00e1ctanos<\/a><\/p>\n\n\n\n<hr class=\"wp-block-separator has-alpha-channel-opacity\"\/>\n\n\n\n<h2 class=\"wp-block-heading\">NUESTROS SERVICIOS<\/h2>\n\n\n\n<p><\/p>\n\n\n\n<p><strong>PLANTAS DE CONCRETO MACROMEC<\/strong><\/p>\n\n\n\n<h5 class=\"wp-block-heading\">Eficiencia y precisi\u00f3n en cada mezcla. Dise\u00f1amos, instalamos y optimizamos plantas de concreto a tu medida.<\/h5>\n\n\n<div class=\"wp-block-image\">\n<figure class=\"alignleft\"><img loading=\"lazy\" decoding=\"async\" width=\"300\" height=\"225\" src=\"https:\/\/www.macromec.com.pe\/wp-content\/uploads\/2025\/09\/polygon4-300x225.jpeg\" alt=\"\" class=\"wp-image-161\" srcset=\"https:\/\/www.macromec.com.pe\/wp-content\/uploads\/2025\/09\/polygon4-300x225.jpeg 300w, https:\/\/www.macromec.com.pe\/wp-content\/uploads\/2025\/09\/polygon4-1024x768.jpeg 1024w, https:\/\/www.macromec.com.pe\/wp-content\/uploads\/2025\/09\/polygon4-768x576.jpeg 768w, https:\/\/www.macromec.com.pe\/wp-content\/uploads\/2025\/09\/polygon4-1536x1152.jpeg 1536w, https:\/\/www.macromec.com.pe\/wp-content\/uploads\/2025\/09\/polygon4.jpeg 1600w\" sizes=\"auto, (max-width: 300px) 100vw, 300px\" \/><\/figure><\/div>\n\n\n<p><\/p>\n\n\n\n<h4 class=\"wp-block-heading\">Plantas de concreto POLYGONMACH<\/h4>\n\n\n\n<h5 class=\"wp-block-heading\"><strong>Ingenier\u00eda de clase mundial a tu alcance. Esta planta de concreto, fabricada por Polygonmach, est\u00e1 disponible exclusivamente a trav\u00e9s de Macromec en el pa\u00eds. Garantizamos la m\u00e1xima calidad, rendimiento y el respaldo de un servicio t\u00e9cnico local.<\/strong><\/h5>\n\n\n\n<h4 class=\"wp-block-heading\"><\/h4>\n\n\n<div class=\"wp-block-image\">\n<figure class=\"alignleft size-large is-resized\"><img loading=\"lazy\" decoding=\"async\" width=\"1024\" height=\"576\" src=\"https:\/\/www.macromec.com.pe\/wp-content\/uploads\/2025\/09\/PLANTAS-DE-CONCRETO-2025-1-1024x576.png\" alt=\"\" class=\"wp-image-225\" style=\"width:485px;height:auto\" srcset=\"https:\/\/www.macromec.com.pe\/wp-content\/uploads\/2025\/09\/PLANTAS-DE-CONCRETO-2025-1-1024x576.png 1024w, https:\/\/www.macromec.com.pe\/wp-content\/uploads\/2025\/09\/PLANTAS-DE-CONCRETO-2025-1-300x169.png 300w, https:\/\/www.macromec.com.pe\/wp-content\/uploads\/2025\/09\/PLANTAS-DE-CONCRETO-2025-1-768x432.png 768w, https:\/\/www.macromec.com.pe\/wp-content\/uploads\/2025\/09\/PLANTAS-DE-CONCRETO-2025-1.png 1280w\" sizes=\"auto, (max-width: 1024px) 100vw, 1024px\" \/><\/figure><\/div>\n\n\n<p><strong>SILOS<\/strong><\/p>\n\n\n\n<p><strong><em>En <b>Macromec<\/b>, dise\u00f1amos y fabricamos <b>silos industriales verticales y horizontales<\/b> para el almacenamiento de cemento y otros materiales a granel. Nuestros silos est\u00e1n construidos con los m\u00e1s altos est\u00e1ndares de calidad para maximizar tu espacio y asegurar la conservaci\u00f3n de tus materiales. Obt\u00e9n la eficiencia y seguridad que tu negocio necesita con soluciones de almacenamiento hechas a tu medida<\/em><\/strong>.<\/p>\n\n\n\n<h4 class=\"wp-block-heading\"><\/h4>\n\n\n\n<h4 class=\"wp-block-heading\"><figure><img loading=\"lazy\" decoding=\"async\" class=\"size-medium wp-image-162 alignleft\" src=\"https:\/\/www.macromec.com.pe\/wp-content\/uploads\/2025\/09\/renea-fabrica-pre-moldados-suzano-3-300x225.jpg\" alt=\"\" width=\"300\" height=\"225\" srcset=\"https:\/\/www.macromec.com.pe\/wp-content\/uploads\/2025\/09\/renea-fabrica-pre-moldados-suzano-3-300x225.jpg 300w, https:\/\/www.macromec.com.pe\/wp-content\/uploads\/2025\/09\/renea-fabrica-pre-moldados-suzano-3-768x576.jpg 768w, https:\/\/www.macromec.com.pe\/wp-content\/uploads\/2025\/09\/renea-fabrica-pre-moldados-suzano-3.jpg 1024w\" sizes=\"auto, (max-width: 300px) 100vw, 300px\" \/><\/figure><\/h4>\n\n\n\n<h4 class=\"wp-block-heading\">Service 3<\/h4>\n\n\n\n<p>A short description of the service and how the visitor will benefit from it.<\/p>\n\n\n\n<h4 class=\"wp-block-heading\">Service 4<\/h4>\n\n\n\n<p>A short description of the service and how the visitor will benefit from it.<\/p>\n\n\n\n<p><a role=\"button\"><br>View all services<br><\/a><\/p>\n\n\n\n<h2 class=\"wp-block-heading\">Why Choose Us<\/h2>\n\n\n\n<h4 class=\"wp-block-heading\">Benefit 1<\/h4>\n\n\n\n<p>A short description of the benefit.<\/p>\n\n\n\n<h4 class=\"wp-block-heading\">Benefit 2<\/h4>\n\n\n\n<p>A short description of the benefit.<\/p>\n\n\n\n<h4 class=\"wp-block-heading\">Benefit 3<\/h4>\n\n\n\n<p>A short description of the benefit.<\/p>\n\n\n\n<h4 class=\"wp-block-heading\">Benefit 4<\/h4>\n\n\n\n<p>A short description of the benefit.<\/p>\n\n\n\n<h2 class=\"wp-block-heading\">About Our Company<\/h2>\n\n\n\n<p>Use this section to describe your company and the services you offer. You could share your company\u2019s story and details about why you are in business. The goal is to create a connection with the visitor and give them confidence to work with you. <a role=\"button\"><br>Our Story<br><\/a><\/p>\n\n\n\n<h2 class=\"wp-block-heading\">Client Testimonials<\/h2>\n\n\n\n<p>\u201cA testimonial from a client who benefited from your product or service. Testimonials can be a highly effective way of establishing credibility and increasing your company&#8217;s reputation.\u201d<br><img loading=\"lazy\" decoding=\"async\" src=\"https:\/\/www.macromec.com.pe\/wp-content\/uploads\/2025\/09\/63x63.jpg\" alt=\"\" width=\"63\" height=\"63\"><br>Client Name<br>\u201cA testimonial from a client who benefited from your product or service. Testimonials can be a highly effective way of establishing credibility and increasing your company&#8217;s reputation.\u201d<br><img loading=\"lazy\" decoding=\"async\" src=\"https:\/\/www.macromec.com.pe\/wp-content\/uploads\/2025\/09\/63x63.jpg\" alt=\"\" width=\"63\" height=\"63\"><br>Client Name<br>\u201cA testimonial from a client who benefited from your product or service. Testimonials can be a highly effective way of establishing credibility and increasing your company&#8217;s reputation.\u201d<br><img loading=\"lazy\" decoding=\"async\" src=\"https:\/\/www.macromec.com.pe\/wp-content\/uploads\/2025\/09\/63x63.jpg\" alt=\"\" width=\"63\" height=\"63\"><br>Client Name<\/p>\n","protected":false},"excerpt":{"rendered":"<p>En el mundo de la construcci\u00f3n, cada minuto cuenta. En Macromec, entendemos que el tiempo es tu activo m\u00e1s valioso, por eso nos especializamos en ofrecer soluciones integrales y a la medida. Desde la venta de maquinaria y repuestos de alta calidad hasta mantenimientos preventivos y automatizaci\u00f3n avanzada, nuestro objetivo es garantizar que tu operaci\u00f3n [&hellip;]<\/p>\n","protected":false},"author":1,"featured_media":160,"parent":0,"menu_order":0,"comment_status":"closed","ping_status":"closed","template":"elementor_header_footer","meta":{"footnotes":""},"class_list":["post-137","page","type-page","status-publish","has-post-thumbnail","hentry"],"_links":{"self":[{"href":"https:\/\/www.macromec.com.pe\/index.php?rest_route=\/wp\/v2\/pages\/137","targetHints":{"allow":["GET"]}}],"collection":[{"href":"https:\/\/www.macromec.com.pe\/index.php?rest_route=\/wp\/v2\/pages"}],"about":[{"href":"https:\/\/www.macromec.com.pe\/index.php?rest_route=\/wp\/v2\/types\/page"}],"author":[{"embeddable":true,"href":"https:\/\/www.macromec.com.pe\/index.php?rest_route=\/wp\/v2\/users\/1"}],"replies":[{"embeddable":true,"href":"https:\/\/www.macromec.com.pe\/index.php?rest_route=%2Fwp%2Fv2%2Fcomments&post=137"}],"version-history":[{"count":11,"href":"https:\/\/www.macromec.com.pe\/index.php?rest_route=\/wp\/v2\/pages\/137\/revisions"}],"predecessor-version":[{"id":230,"href":"https:\/\/www.macromec.com.pe\/index.php?rest_route=\/wp\/v2\/pages\/137\/revisions\/230"}],"wp:featuredmedia":[{"embeddable":true,"href":"https:\/\/www.macromec.com.pe\/index.php?rest_route=\/wp\/v2\/media\/160"}],"wp:attachment":[{"href":"https:\/\/www.macromec.com.pe\/index.php?rest_route=%2Fwp%2Fv2%2Fmedia&parent=137"}],"curies":[{"name":"wp","href":"https:\/\/api.w.org\/{rel}","templated":true}]}}